{"id":1820,"date":"2023-05-16T10:18:10","date_gmt":"2023-05-16T13:18:10","guid":{"rendered":"https:\/\/sagerequipamientos.com.ar\/?post_type=product&#038;p=1820"},"modified":"2023-05-16T10:18:11","modified_gmt":"2023-05-16T13:18:11","slug":"sierra-carnicera-gigante-esmaltada","status":"publish","type":"product","link":"https:\/\/sagerequipamientos.com.ar\/index.php\/producto\/sierra-carnicera-gigante-esmaltada\/","title":{"rendered":"Sierra carnicera \u00abGigante\u00bb esmaltada."},"content":{"rendered":"<p>*Recorrido de hoja 3.50.<\/p>\n","protected":false},"excerpt":{"rendered":"<p>*Recorrido de hoja 3.50.<\/p>\n","protected":false},"featured_media":1821,"comment_status":"open","ping_status":"closed","template":"","meta":{"om_disable_all_campaigns":false,"_monsterinsights_skip_tracking":false,"_monsterinsights_sitenote_active":false,"_monsterinsights_sitenote_note":"","_monsterinsights_sitenote_category":0},"product_brand":[],"product_cat":[16],"product_tag":[],"class_list":{"0":"post-1820","1":"product","2":"type-product","3":"status-publish","4":"has-post-thumbnail","6":"product_cat-linea-carniceria","8":"first","9":"instock","10":"taxable","11":"shipping-taxable","12":"purchasable","13":"product-type-simple"},"yoast_head":"<!-- This site is optimized with the Yoast SEO plugin v27.4 - https:\/\/yoast.com\/product\/yoast-seo-wordpress\/ -->\n<title>Sierra carnicera &quot;Gigante&quot; esmaltada. - Sager Equipamientos<\/title>\n<meta name=\"robots\" content=\"index, follow, max-snippet:-1, max-image-preview:large, max-video-preview:-1\" \/>\n<link rel=\"canonical\" href=\"https:\/\/sagerequipamientos.com.ar\/index.php\/producto\/sierra-carnicera-gigante-esmaltada\/\" \/>\n<meta property=\"og:locale\" content=\"es_ES\" \/>\n<meta property=\"og:type\" content=\"article\" \/>\n<meta property=\"og:title\" content=\"Sierra carnicera &quot;Gigante&quot; esmaltada. - Sager Equipamientos\" \/>\n<meta property=\"og:description\" content=\"*Recorrido de hoja 3.50.\" \/>\n<meta property=\"og:url\" content=\"https:\/\/sagerequipamientos.com.ar\/index.php\/producto\/sierra-carnicera-gigante-esmaltada\/\" \/>\n<meta property=\"og:site_name\" content=\"Sager Equipamientos\" \/>\n<meta property=\"article:publisher\" content=\"https:\/\/www.facebook.com\/sager.equipamientos.misiones\" \/>\n<meta property=\"article:modified_time\" content=\"2023-05-16T13:18:11+00:00\" \/>\n<meta property=\"og:image\" content=\"http:\/\/sagerequipamientos.com.ar\/wp-content\/uploads\/2023\/05\/Marani-Sierra-grande-Esmaltada.jpg\" \/>\n\t<meta property=\"og:image:width\" content=\"1080\" \/>\n\t<meta property=\"og:image:height\" content=\"1080\" \/>\n\t<meta property=\"og:image:type\" content=\"image\/jpeg\" \/>\n<meta name=\"twitter:card\" content=\"summary_large_image\" \/>\n<meta name=\"twitter:label1\" content=\"Tiempo de lectura\" \/>\n\t<meta name=\"twitter:data1\" content=\"1 minuto\" \/>\n<script type=\"application\/ld+json\" class=\"yoast-schema-graph\">{\"@context\":\"https:\\\/\\\/schema.org\",\"@graph\":[{\"@type\":\"WebPage\",\"@id\":\"https:\\\/\\\/sagerequipamientos.com.ar\\\/index.php\\\/producto\\\/sierra-carnicera-gigante-esmaltada\\\/\",\"url\":\"https:\\\/\\\/sagerequipamientos.com.ar\\\/index.php\\\/producto\\\/sierra-carnicera-gigante-esmaltada\\\/\",\"name\":\"Sierra carnicera \\\"Gigante\\\" esmaltada. - Sager Equipamientos\",\"isPartOf\":{\"@id\":\"http:\\\/\\\/sagerequipamientos.com.ar\\\/#website\"},\"primaryImageOfPage\":{\"@id\":\"https:\\\/\\\/sagerequipamientos.com.ar\\\/index.php\\\/producto\\\/sierra-carnicera-gigante-esmaltada\\\/#primaryimage\"},\"image\":{\"@id\":\"https:\\\/\\\/sagerequipamientos.com.ar\\\/index.php\\\/producto\\\/sierra-carnicera-gigante-esmaltada\\\/#primaryimage\"},\"thumbnailUrl\":\"https:\\\/\\\/sagerequipamientos.com.ar\\\/wp-content\\\/uploads\\\/2023\\\/05\\\/Marani-Sierra-grande-Esmaltada.jpg\",\"datePublished\":\"2023-05-16T13:18:10+00:00\",\"dateModified\":\"2023-05-16T13:18:11+00:00\",\"breadcrumb\":{\"@id\":\"https:\\\/\\\/sagerequipamientos.com.ar\\\/index.php\\\/producto\\\/sierra-carnicera-gigante-esmaltada\\\/#breadcrumb\"},\"inLanguage\":\"es\",\"potentialAction\":[{\"@type\":\"ReadAction\",\"target\":[\"https:\\\/\\\/sagerequipamientos.com.ar\\\/index.php\\\/producto\\\/sierra-carnicera-gigante-esmaltada\\\/\"]}]},{\"@type\":\"ImageObject\",\"inLanguage\":\"es\",\"@id\":\"https:\\\/\\\/sagerequipamientos.com.ar\\\/index.php\\\/producto\\\/sierra-carnicera-gigante-esmaltada\\\/#primaryimage\",\"url\":\"https:\\\/\\\/sagerequipamientos.com.ar\\\/wp-content\\\/uploads\\\/2023\\\/05\\\/Marani-Sierra-grande-Esmaltada.jpg\",\"contentUrl\":\"https:\\\/\\\/sagerequipamientos.com.ar\\\/wp-content\\\/uploads\\\/2023\\\/05\\\/Marani-Sierra-grande-Esmaltada.jpg\",\"width\":1080,\"height\":1080},{\"@type\":\"BreadcrumbList\",\"@id\":\"https:\\\/\\\/sagerequipamientos.com.ar\\\/index.php\\\/producto\\\/sierra-carnicera-gigante-esmaltada\\\/#breadcrumb\",\"itemListElement\":[{\"@type\":\"ListItem\",\"position\":1,\"name\":\"Portada\",\"item\":\"https:\\\/\\\/sagerequipamientos.com.ar\\\/\"},{\"@type\":\"ListItem\",\"position\":2,\"name\":\"Tienda\",\"item\":\"https:\\\/\\\/sagerequipamientos.com.ar\\\/index.php\\\/tienda\\\/\"},{\"@type\":\"ListItem\",\"position\":3,\"name\":\"Sierra carnicera \u00abGigante\u00bb esmaltada.\"}]},{\"@type\":\"WebSite\",\"@id\":\"http:\\\/\\\/sagerequipamientos.com.ar\\\/#website\",\"url\":\"http:\\\/\\\/sagerequipamientos.com.ar\\\/\",\"name\":\"Sager Equipamientos\",\"description\":\"Equipamientos para supermercados, gastronom\u00edas, panader\u00edas, refrigeraci\u00f3n comercial\",\"publisher\":{\"@id\":\"http:\\\/\\\/sagerequipamientos.com.ar\\\/#organization\"},\"potentialAction\":[{\"@type\":\"SearchAction\",\"target\":{\"@type\":\"EntryPoint\",\"urlTemplate\":\"http:\\\/\\\/sagerequipamientos.com.ar\\\/?s={search_term_string}\"},\"query-input\":{\"@type\":\"PropertyValueSpecification\",\"valueRequired\":true,\"valueName\":\"search_term_string\"}}],\"inLanguage\":\"es\"},{\"@type\":\"Organization\",\"@id\":\"http:\\\/\\\/sagerequipamientos.com.ar\\\/#organization\",\"name\":\"Sager Equipamientos\",\"url\":\"http:\\\/\\\/sagerequipamientos.com.ar\\\/\",\"logo\":{\"@type\":\"ImageObject\",\"inLanguage\":\"es\",\"@id\":\"http:\\\/\\\/sagerequipamientos.com.ar\\\/#\\\/schema\\\/logo\\\/image\\\/\",\"url\":\"https:\\\/\\\/sagerequipamientos.com.ar\\\/wp-content\\\/uploads\\\/2023\\\/01\\\/cropped-cropped-Marca-Sager-Equipamientos-comerciales-01.png\",\"contentUrl\":\"https:\\\/\\\/sagerequipamientos.com.ar\\\/wp-content\\\/uploads\\\/2023\\\/01\\\/cropped-cropped-Marca-Sager-Equipamientos-comerciales-01.png\",\"width\":253,\"height\":253,\"caption\":\"Sager Equipamientos\"},\"image\":{\"@id\":\"http:\\\/\\\/sagerequipamientos.com.ar\\\/#\\\/schema\\\/logo\\\/image\\\/\"},\"sameAs\":[\"https:\\\/\\\/www.facebook.com\\\/sager.equipamientos.misiones\",\"https:\\\/\\\/www.instagram.com\\\/equipamientos_sager\\\/\"]}]}<\/script>\n<!-- \/ Yoast SEO plugin. -->","yoast_head_json":{"title":"Sierra carnicera \"Gigante\" esmaltada. - Sager Equipamientos","robots":{"index":"index","follow":"follow","max-snippet":"max-snippet:-1","max-image-preview":"max-image-preview:large","max-video-preview":"max-video-preview:-1"},"canonical":"https:\/\/sagerequipamientos.com.ar\/index.php\/producto\/sierra-carnicera-gigante-esmaltada\/","og_locale":"es_ES","og_type":"article","og_title":"Sierra carnicera \"Gigante\" esmaltada. - Sager Equipamientos","og_description":"*Recorrido de hoja 3.50.","og_url":"https:\/\/sagerequipamientos.com.ar\/index.php\/producto\/sierra-carnicera-gigante-esmaltada\/","og_site_name":"Sager Equipamientos","article_publisher":"https:\/\/www.facebook.com\/sager.equipamientos.misiones","article_modified_time":"2023-05-16T13:18:11+00:00","og_image":[{"width":1080,"height":1080,"url":"http:\/\/sagerequipamientos.com.ar\/wp-content\/uploads\/2023\/05\/Marani-Sierra-grande-Esmaltada.jpg","type":"image\/jpeg"}],"twitter_card":"summary_large_image","twitter_misc":{"Tiempo de lectura":"1 minuto"},"schema":{"@context":"https:\/\/schema.org","@graph":[{"@type":"WebPage","@id":"https:\/\/sagerequipamientos.com.ar\/index.php\/producto\/sierra-carnicera-gigante-esmaltada\/","url":"https:\/\/sagerequipamientos.com.ar\/index.php\/producto\/sierra-carnicera-gigante-esmaltada\/","name":"Sierra carnicera \"Gigante\" esmaltada. - Sager Equipamientos","isPartOf":{"@id":"http:\/\/sagerequipamientos.com.ar\/#website"},"primaryImageOfPage":{"@id":"https:\/\/sagerequipamientos.com.ar\/index.php\/producto\/sierra-carnicera-gigante-esmaltada\/#primaryimage"},"image":{"@id":"https:\/\/sagerequipamientos.com.ar\/index.php\/producto\/sierra-carnicera-gigante-esmaltada\/#primaryimage"},"thumbnailUrl":"https:\/\/sagerequipamientos.com.ar\/wp-content\/uploads\/2023\/05\/Marani-Sierra-grande-Esmaltada.jpg","datePublished":"2023-05-16T13:18:10+00:00","dateModified":"2023-05-16T13:18:11+00:00","breadcrumb":{"@id":"https:\/\/sagerequipamientos.com.ar\/index.php\/producto\/sierra-carnicera-gigante-esmaltada\/#breadcrumb"},"inLanguage":"es","potentialAction":[{"@type":"ReadAction","target":["https:\/\/sagerequipamientos.com.ar\/index.php\/producto\/sierra-carnicera-gigante-esmaltada\/"]}]},{"@type":"ImageObject","inLanguage":"es","@id":"https:\/\/sagerequipamientos.com.ar\/index.php\/producto\/sierra-carnicera-gigante-esmaltada\/#primaryimage","url":"https:\/\/sagerequipamientos.com.ar\/wp-content\/uploads\/2023\/05\/Marani-Sierra-grande-Esmaltada.jpg","contentUrl":"https:\/\/sagerequipamientos.com.ar\/wp-content\/uploads\/2023\/05\/Marani-Sierra-grande-Esmaltada.jpg","width":1080,"height":1080},{"@type":"BreadcrumbList","@id":"https:\/\/sagerequipamientos.com.ar\/index.php\/producto\/sierra-carnicera-gigante-esmaltada\/#breadcrumb","itemListElement":[{"@type":"ListItem","position":1,"name":"Portada","item":"https:\/\/sagerequipamientos.com.ar\/"},{"@type":"ListItem","position":2,"name":"Tienda","item":"https:\/\/sagerequipamientos.com.ar\/index.php\/tienda\/"},{"@type":"ListItem","position":3,"name":"Sierra carnicera \u00abGigante\u00bb esmaltada."}]},{"@type":"WebSite","@id":"http:\/\/sagerequipamientos.com.ar\/#website","url":"http:\/\/sagerequipamientos.com.ar\/","name":"Sager Equipamientos","description":"Equipamientos para supermercados, gastronom\u00edas, panader\u00edas, refrigeraci\u00f3n comercial","publisher":{"@id":"http:\/\/sagerequipamientos.com.ar\/#organization"},"potentialAction":[{"@type":"SearchAction","target":{"@type":"EntryPoint","urlTemplate":"http:\/\/sagerequipamientos.com.ar\/?s={search_term_string}"},"query-input":{"@type":"PropertyValueSpecification","valueRequired":true,"valueName":"search_term_string"}}],"inLanguage":"es"},{"@type":"Organization","@id":"http:\/\/sagerequipamientos.com.ar\/#organization","name":"Sager Equipamientos","url":"http:\/\/sagerequipamientos.com.ar\/","logo":{"@type":"ImageObject","inLanguage":"es","@id":"http:\/\/sagerequipamientos.com.ar\/#\/schema\/logo\/image\/","url":"https:\/\/sagerequipamientos.com.ar\/wp-content\/uploads\/2023\/01\/cropped-cropped-Marca-Sager-Equipamientos-comerciales-01.png","contentUrl":"https:\/\/sagerequipamientos.com.ar\/wp-content\/uploads\/2023\/01\/cropped-cropped-Marca-Sager-Equipamientos-comerciales-01.png","width":253,"height":253,"caption":"Sager Equipamientos"},"image":{"@id":"http:\/\/sagerequipamientos.com.ar\/#\/schema\/logo\/image\/"},"sameAs":["https:\/\/www.facebook.com\/sager.equipamientos.misiones","https:\/\/www.instagram.com\/equipamientos_sager\/"]}]}},"_links":{"self":[{"href":"https:\/\/sagerequipamientos.com.ar\/index.php\/wp-json\/wp\/v2\/product\/1820","targetHints":{"allow":["GET"]}}],"collection":[{"href":"https:\/\/sagerequipamientos.com.ar\/index.php\/wp-json\/wp\/v2\/product"}],"about":[{"href":"https:\/\/sagerequipamientos.com.ar\/index.php\/wp-json\/wp\/v2\/types\/product"}],"replies":[{"embeddable":true,"href":"https:\/\/sagerequipamientos.com.ar\/index.php\/wp-json\/wp\/v2\/comments?post=1820"}],"wp:featuredmedia":[{"embeddable":true,"href":"https:\/\/sagerequipamientos.com.ar\/index.php\/wp-json\/wp\/v2\/media\/1821"}],"wp:attachment":[{"href":"https:\/\/sagerequipamientos.com.ar\/index.php\/wp-json\/wp\/v2\/media?parent=1820"}],"wp:term":[{"taxonomy":"product_brand","embeddable":true,"href":"https:\/\/sagerequipamientos.com.ar\/index.php\/wp-json\/wp\/v2\/product_brand?post=1820"},{"taxonomy":"product_cat","embeddable":true,"href":"https:\/\/sagerequipamientos.com.ar\/index.php\/wp-json\/wp\/v2\/product_cat?post=1820"},{"taxonomy":"product_tag","embeddable":true,"href":"https:\/\/sagerequipamientos.com.ar\/index.php\/wp-json\/wp\/v2\/product_tag?post=1820"}],"curies":[{"name":"wp","href":"https:\/\/api.w.org\/{rel}","templated":true}]}}